 - 5*j + 114, 3*j - 28 = -12*x + 194. Let a be (0 + -2)/(4/(-2)). Calculate the greatest common factor of a and x.
1
Suppose -16*c + 80 = -799 - 401. Calculate the highest common factor of 2352 and c.
16
Suppose 13*b - 38658 = 83438. What is the highest common divisor of b and 64?
16
Let t = -623 - -643. Calculate the highest common factor of t and 2510.
10
Let l = -414 + 696. Suppose -3*a - 188 = -5*a + 5*b, l = 3*a - b. Suppose z - 408 = -3*w - 4*z, w = 2*z + 147. What is the greatest common factor of w and a?
47
Let x(z) be the second derivative of z**4/12 + z**3/6 - 12*z**2 - 21*z. Let j be x(-22). Let h = j - 298. Calculate the greatest common factor of h and 20.
20
Suppose 0 = -3*k - 26*q + 25*q + 25, 2*k - 22 = -2*q. Calculate the greatest common divisor of k and 8743.
7
Let k(h) = h**3 - 46*h**2 - 103*h + 458. Let f be k(48). Calculate the highest common factor of f and 16714.
122
Suppose -4*l + 2*a = -156, l - 46 = -6*a + 10*a. Let c = -35 + l. Let d(y) = y**2 - 6*y + 16. Let w be d(c). What is the highest common divisor of w and 133?
7
Suppose 3*o - 26 = y, 11*o = 9*o + 4*y + 24. Let p be ((-570)/o)/(84/(-224)). What is the greatest common factor of 20 and p?
10
Let t(i) = -5*i - 32. Let n be t(-5). Let d be 42/(-147) + (-51)/n. Calculate the greatest common divisor of 210 and d.
7
Suppose -q + 2 = 5*r, 133 = -5*q + 5*r + 143. What is the highest common divisor of 934 and q?
2
Let l(u) = 27*u**3 - 12*u**2 + 31*u + 67. Let k be l(4). What is the highest common factor of k and 2512?
157
Suppose 0*m - 3867 = -2*m - 3*l, -5*l + 15 = 0. Let x = m - 1177. Calculate the highest common divisor of 16 and x.
16
Let a = -99 - -105. Let u be 10/a + (7 - 160/24). What is the highest common factor of 14 and u?
2
Let t be (-3)/((-6)/16) - (-304761)/(377/13). What is the greatest common divisor of t and 13?
13
Let y be (-3 - -5)*(116 - -159). What is the greatest common divisor of y and 4510?
110
Suppose -5*w = 2*a - 313, 4*a - 802*w + 806*w - 656 = 0. What is the highest common factor of 4771 and a?
13
Let c(s) = s**2 + 4*s - 1. Let z be c(2). Let m(w) = -4*w + 11. Suppose 3*f + 51 = 51. Let r be m(f). What is the highest common factor of z and r?
11
Let z = 33997 - 33787. What is the greatest common divisor of z and 6440?
70
Let m = 12500 + -11466. Calculate the highest common factor of 22 and m.
22
Let t(d) = d**3 + 11*d**2 - 25*d + 13. Let y be t(-13). Suppose -7*s - 36 + 99 = y. What is the greatest common factor of s and 36?
9
Let n(w) = w**3 + 3*w**2 - 22 + 24 + 2*w**2 - 2*w. Let d be n(-2). Calculate the greatest common factor of d and 99.
9
Suppose -1170*q = -1135*q - 4620. What is the greatest common divisor of q and 308?
44
Let g be -12*(-12)/48*(-16)/(-6). Suppose 0 = g*u - 10*u. Suppose u = -z + 360 - 41. What is the greatest common divisor of 29 and z?
29
Suppose -4*q - 249 = -325. Let s = 61 + q. Calculate the greatest common factor of 5 and s.
5
Let l = 18 + -10. Suppose -3*o - 601 = -2*k, 3*k - 4*o = -2*k + 1506. Let g = k - 174. What is the highest common factor of l and g?
8
Let c(o) = -o**3 + 6*o**2 + 9*o - 4. Let x = -120 + 127. Let q be c(x). Calculate the highest common factor of q and 50.
10
Let r be -4*((-28)/8)/(-7) - -1. Let m(g) = -11*g**3 + 2*g + 2. Let t be m(r). What is the highest common factor of 11 and t?
11
Let i = 14469 - 9628. What is the highest common divisor of 103 and i?
103
Let c = -30 + 42. Let l be (1/2 - 1) + 1778/(-508). Let q(r) = r**2 + 5*r + 28. Let f be q(l). Calculate the highest common factor of c and f.
12
Suppose -86*g + 104*g - 8316 = 0. What is the greatest common factor of g and 132?
66
Let z(i) be the first derivative of 34*i**3/3 + 10*i**2 - i + 115. Let w be z(-1). Calculate the highest common factor of 299 and w.
13
Let y be ((-2)/(-8) - (-8460)/48)*2. Let u = 625 - y. Calculate the greatest common divisor of 34 and u.
34
Let k(w) = 64*w + 2424. Let o be k(-36). Suppose -4*y = -2*r + r - 92, 112 = 4*y + 4*r. Calculate the greatest common factor of y and o.
24
Let i(r) = 48*r - 2. Let j be i(3). Suppose -2*p = -40 + j. Let b = p + 105. Calculate the greatest common divisor of b and 6.
6
Let v(r) = -3*r + 20. Let w be v(12). Let a = -4 - w. Let q be 36 - 4/a*9. Calculate the highest common factor of q and 22.
11
Let g(b) = 34*b - 81. Let l be g(3). Let q = -3 - -3. Suppose 0 = -q*s - 5*s + 735. What is the greatest common factor of l and s?
21
Let u = -232073 + 232833. Let r(y) = y**2 - y + 40. Let z be r(0). What is the greatest common divisor of z and u?
40
Suppose -24*y + 21*y - 3*r + 390 = 0, 0 = 2*y + 3*r - 258. Calculate the greatest common divisor of 726 and y.
66
Let a(g) = 9*g**2 + 2*g + 7. Let q be a(-1). Let l = 8 + -6. Suppose -5*o + l*z + 185 = -3*z, -2*o = 4*z - 62. What is the greatest common factor of q and o?
7
Let y = -212 - -209. Let d(q) = -q - 1. Let b be d(y). Calculate the highest common factor of b and 8.
2
Suppose -2*x + 17974 = -2*p + 1182, -3*x = 3*p - 25170. What is the greatest common divisor of 154 and x?
77
Let g = 627 + -402. Let i be 150/4*(-2)/(-3). What is the highest common divisor of i and g?
25
Let j(s) = 2*s**3 - s**2 + 1. Let g be j(1). Let t be ((-4)/6)/(g/3). Let o be (t/(-3))/((-39)/(-3744)). Calculate the greatest common factor of 40 and o.
8
Let l = -33 + 48. Let o be l/5 - (4*2)/(-1). Suppose -y = -73 - 26. Calculate the highest common factor of y and o.
11
Let g be (5540/35)/(2/7) - (1 + 3). What is the highest common divisor of g and 1210?
110
Let w(x) = 14 + 2*x - 1 - 101 + x**2 - 26. Let j be w(-12). Let y be -1*-1*1 - -5. What is the greatest common divisor of j and y?
6
Let q = -14 - -26. Let y = 73 - 73. Suppose -4*i + 189 = -y*u + 3*u, 4*u + 52 = i. Calculate the greatest common divisor of q and i.
12
Suppose 3*x + 29 = -l + 6*l, 2*l = 2. Let o be (x/(-10))/(6/120). Suppose -2*t - 4*t + 1056 = 0. What is the greatest common factor of o and t?
16
Suppose -5*i - 38 + 58 = 0, 0 = 5*b - i - 3426. Suppose -56 = -5*w + w. What is the greatest common divisor of b and w?
14
Suppose 0 = -278*o + 244*o + 57086. What is the highest common factor of 115 and o?
23
Suppose -12*p + 5121 = -1695. Suppose -273 - 171 = -2*l - 3*y, -3*y = -5*l + 1047. What is the highest common factor of l and p?
71
Suppose 0 = q - 2, 4*q - 7*q = -2*d + 30. Suppose -4*g - 53 + 129 = 0. Suppose 21*t - g*t = 396. Calculate the greatest common factor of t and d.
18
Let o = 33 - 15. Let i(w) = 4*w + 18. Let j = 65 - 65. Let a be i(j). What is the highest common factor of o and a?
18
Let b(o) = 46*o + 784. Let t be b(-16). What is the greatest common divisor of 656 and t?
16
Let y(h) = 5*h - 31. Let b(a) = -10*a + 63. Let x(u) = 6*b(u) + 14*y(u). Let s be x(7). What is the greatest common factor of s and 63?
7
Suppose 73*y - 168 = 52*y. Suppose 42 - 10 = a. Suppose 0*f = -4*f + a. What is the highest common divisor of y and f?
8
Suppose -214*a = -258*a + 4136. Calculate the greatest common factor of a and 8131.
47
Let i = 1240 + -1092. What is the greatest common divisor of i and 1813?
37
Suppose 0 = -38*t + 92927 - 22931. Calculate the greatest common factor of t and 12.
6
Let v(w) = -8*w + 4. Let l be v(-4). Let r(f) = -f**3 - 11*f**2 - 25*f + 78. Let t be r(-6). What is the highest common factor of t and l?
12
Let d(h) = h**3 - 61*h**2 + 62*h + 162. Let s be d(60). What is the greatest common factor of 1786 and s?
94
Let w be (94 + -4)/10 + 48. Suppose -6*s = 4*r - 8*s - 222, s = -r + w. Calculate the greatest common factor of r and 896.
56
Let d = 50 - -286. What is the greatest common divisor of 108 and d?
12
Suppose -245 = -5*b - 70. Let s(f) = -439*f - 283. Let j be s(-2). What is the highest common divisor of j and b?
35
Let c(a) = a**3 + a**2 - a + 2. Let s be c(0). Let k(g) = -9*g + 4 + 100*g**s - 1 + 5*g. Let u be k(1). What is the greatest common divisor of 11 and u?
11
Suppose 342 = 2*q - 4*t, -591 = -4*q + t + 128. Suppose q*z - 189*z + 96 = 0. Calculate the greatest common factor of 444 and z.
12
Let r(k) = k**3 + 2*k**2 - k + 2. Let u be r(-2). Let m be 1/u - 137/4. Let q = m - -54. Calculate the highest common divisor of q and 10.
10
Suppose -3*d - p = -12, 5*d - 34 = -p + 4*p. Suppose -5*q + 227 = -3*z, -d*q - 2*z - 56 = -288. Calculate the highest common 